= -2*a, -2*s - 5 = 5*a - 1. Let u = 7 + s. Let h = u - 0. Let f(b) = -b + 3. Determine f(h).
-2
Let q(c) = c**2 - c. Let n(m) = 3*m**3 + m**2 - 3*m - 3. Let u(z) = n(z) - 4*q(z). Let l(j) = 3*j**3 - 2*j**2 + j - 2. Let y(b) = -3*l(b) + 2*u(b). Give y(1).
-4
Let j(l) = -22*l + 21*l + 11*l - 1. Determine j(-2).
-21
Let i(v) = -2*v + 4. Suppose -7*b - 20 = -2*b. Let w be (-8)/16 + (-26)/b. What is i(w)?
-8
Suppose -4 = b - 7. Suppose 12 = -4*v, 2*v = -b*w + v. Let x(f) = f - 3*f + 3*f - 2. Determine x(w).
-1
Let v(m) = -m + 4. Let i be v(6). Let h = i - -2. Let x(o) = 3*o**2 + 0 - o + 3 - 4*o**2. What is x(h)?
3
Let q(w) be the second derivative of w**3/3 + 3*w**2 + 15*w. Calculate q(-6).
-6
Let d(l) = l**3 - 5*l**2 + 6*l. Let y = 55 - 51. What is d(y)?
8
Let o(u) be the third derivative of u**7/5040 + u**6/80 + u**5/20 + 2*u**2. Let h(d) be the third derivative of o(d). What is h(-4)?
5
Suppose 13 = -2*l + 6*l - z, 3*z + 18 = 5*l. Suppose 3*v - 6 = 0, -v + 4 = 3*o - 5*v. Let g(n) = o*n - 3*n + n**3 - 4 + n - l*n**2. Determine g(3).
2
Let f(z) = 6*z. Suppose -4*v + 28 + 16 = 0. Suppose 0 = 4*b - 5*k + 24, -v = -b - 3*k - 0. What is f(b)?
-6
Suppose -2*v + 20 = -7*v. Let j be 0/(v*4/8). Let p(h) = -h**3 - h**2 + 8. Give p(j).
8
Let o(d) = -16*d + 7. Let x = -4 - -6. Let b = x + 1. Let p(f) = 8*f - 4. Let h(l) = b*o(l) + 5*p(l). What is h(1)?
-7
Let w(a) = a**2 + 4*a - 4. Suppose 2*j - 8 = 4*j. Calculate w(j).
-4
Let a(h) = h + 1. Let s(l) = l. Let d(b) = -a(b) + 5*s(b). Determine d(3).
11
Let u(s) = s**2 - 7*s - 7. Suppose 4*a - 18 = -d, 3*d + 0*a = 5*a + 3. Give u(d).
-13
Let p(a) = a**2 + 5*a - 3. Let s(j) = -j + 2. Suppose 2*n = 4*n + 2*r - 22, 0 = 4*n + 2*r - 36. Let h be s(n). What is p(h)?
-3
Suppose 8*y - 18 = 10*y. Let x = 6 + y. Let o(k) = 2*k + 4. Calculate o(x).
-2
Let r be 5 - ((-4 - 3) + 4). Let i(a) = -a**3 + 7*a**2 + 8*a + 3. Calculate i(r).
3
Let a(w) = 2*w + w - w + 6. Let j = -33 + 29. Determine a(j).
-2
Let w(s) = 0*s + 7 - 2*s - 2 - 5*s**2 + s**3. Let y be 2 - 3 - (2 + -1). Let i be (2 - 0)/(y/(-5)). Calculate w(i).
-5
Let y(v) = -2*v**2 - v - 2. Suppose -5*n + 9*n + 12 = 0. Let s(r) = -5*r**2 - 4*r - 1 + 2 - 7. Let a(b) = n*s(b) + 8*y(b). Give a(5).
-3
Let m(o) be the first derivative of -7/2*o**2 - o - 4 - 1/3*o**3. Determine m(-7).
-1
Let c(t) = t**3 - 7*t**2 + 8*t - 5 - 9*t + 0*t + 10. Calculate c(7).
-2
Let z(n) = n**2 + 4*n. Let x be (-3*15/18)/((-1)/(-2)). Give z(x).
5
Let c(p) = -p**2 + 6*p + 8. Suppose -4*w - 4*u = -0*w - 40, -2*w + 2*u = -8. What is c(w)?
1
Let j(g) = -g**2 + 3*g - 1. Let f be j(3). Let m(p) = -4*p. Let x(u) = -28*u. Let y(q) = 40*m(q) - 6*x(q). What is y(f)?
-8
Let y(v) = -v - 22 - 16 + 42. Let o be (2/(-2))/1 + 5. Calculate y(o).
0
Suppose -14*w = -12*w + 6. Let u(r) = -2*r - 4. Give u(w).
2
Let o(g) = 2*g**2 + 3*g**3 - 9 + 4*g**3 - 2*g**3. Let c(q) = -4*q**3 - 3*q**2 - q + 8. Let y(r) = 4*c(r) + 3*o(r). What is y(-5)?
0
Let x(y) = y**2 + y - 1. Suppose -2*l - 2*l + 12 = 0. Suppose -8*f = -l*f + 5. Let b(m) = -2*m**2 + 5*m. Let k(s) = f*b(s) - x(s). What is k(6)?
1
Let r(y) be the second derivative of 3/2*y**3 + 0 + y - 1/2*y**2. Determine r(1).
8
Let s(c) be the first derivative of -c**4/4 - 7*c**3/3 - 5*c**2/2 + 6*c - 8. Let g(q) = q**2 - 5*q - 2. Let y be g(4). Give s(y).
0
Let v(m) = 3*m**3 - m + 1. Let p = 5 + -4. Suppose 3*t + 4*w + p = 0, 2 + 1 = 2*t - w. Give v(t).
3
Let g(m) = -5*m + m + 9*m - 11*m + 2*m. Suppose -3*w + 2*k = -k, 2*k = -3*w + 15. Suppose -h + w = -4*h. Give g(h).
4
Let j(f) = f**2 + 7*f + 4. Suppose 0 = -5*b - 2 + 42. Let w = -13 + b. Give j(w).
-6
Suppose -2*p = -4*c - 18, 16 - 4 = 4*p + 4*c. Let y(k) = k - 5. Determine y(p).
0
Let z(a) = -a**3 + 4*a**2 + 9. Let x(c) = 5 + 2 - 1 - c**3 + 4*c**2 + 4. Let r(j) = 5*x(j) - 6*z(j). What is r(4)?
-4
Let a(x) = -x**2 + 6*x. Let b = 16 + -11. Calculate a(b).
5
Let u(s) = -s**2 - s + 4. Let o(x) = 2*x**2 + x - 8. Let h(c) = 4*o(c) + 7*u(c). Determine h(5).
6
Let x(f) = f + 2. Suppose -4*q + 2*q = -3*v - 60, q = -4*v - 80. Let m be 15/4 - 5/v. Calculate x(m).
6
Let o(r) = 10*r + 7. Let t(f) = -17*f - 9. Let b(z) = -z + 1. Let s(j) = -2*b(j) + t(j). Let i(x) = -8*o(x) - 5*s(x). Calculate i(1).
-6
Let f(j) = -j**3 + 3*j**2 + j + 7. Let u(i) = -2*i**3 + 6*i**2 + 3*i + 13. Let x(v) = 5*f(v) - 3*u(v). Let c be x(4). Let p(o) = o**2 + 5*o. Calculate p(c).
-4
Suppose -r - 4 = 0, 7*v - 3*v - 2*r + 20 = 0. Let m(f) = -f**2 - 7*f + 6. What is m(v)?
6
Let j(g) be the first derivative of -g**5/20 + g**4/4 + 2*g**3/3 - 3*g**2 - 3*g - 3. Let s(q) be the first derivative of j(q). Give s(4).
-6
Let n(u) = u. Let d(c) = c. Let r(g) = 4*d(g) - 3*n(g). What is r(10)?
10
Suppose 0 = -4*l + 38 - 2. Suppose 5*y - l + 4 = 0. Let q(g) = -g. Let j(h) = -h + 6. Let i(x) = y*q(x) + j(x). Calculate i(4).
-2
Let g(y) = -y + 2. Suppose -d = 5*z - 0*d + 28, -4*z + d - 17 = 0. Calculate g(z).
7
Suppose -3*b - 1 = 2*y + 1, -4*y + 4*b + 16 = 0. Let s(t) = 2*t + 8*t**2 + t**3 + 6*t**y + 2 - 7*t**2 + 3*t. Determine s(-6).
8
Let l(i) be the second derivative of -i**5/20 + 2*i**4/3 - i**3 - 8*i. What is l(7)?
7
Let b(y) = y**3 + y**2 - y + 1. Let c(h) = h**2 - 9*h + 20. Let l be c(5). What is b(l)?
1
Let j be 84/(-196) + (-38)/(-7). Let y(p) = -2*p - 3*p - 2*p**2 + 12*p + 2. Give y(j).
-13
Let p(v) = 4*v**2 - 4*v + 3. Let n(s) = s**2 + s. Let t(b) = -3*n(b) + p(b). Give t(5).
-7
Let k(t) = t - 7. Suppose 2*i + 25 - 5 = u, 20 = 3*u + 2*i. Let a be k(u). Let r(j) = j**3 - 4*j**2 + 2*j - 3. What is r(a)?
-6
Let m(k) be the second derivative of -k**4/12 + k**3/6 - k**2/2 + 2*k. Let u = -36 + 38. Calculate m(u).
-3
Let p(h) = 2*h - 5*h**2 + 1 - h**3 + 3*h + h. Give p(-6).
1
Let z(l) = -l**3 - 7*l**2 - 6*l + 4. Let t be (-8)/20 - 84/15. Calculate z(t).
4
Let y(j) be the third derivative of j**4/8 - 5*j**2. Determine y(-2).
-6
Suppose 0 = l + 4. Let j(s) = -s**3 + 2*s**2 - s + 1. Let t = 0 + -1. Let m(i) = i**2 - i + 1. Let a(k) = l*m(k) + t*j(k). Calculate a(5).
-5
Let l(x) = -x**2 - 5*x + 7. Suppose 16*h + 56 = 8*h. What is l(h)?
-7
Let j = 153 + -158. Let l(h) = -h**2 - 3*h + 1. Give l(j).
-9
Let s(h) = -h**2 - 3*h + 1. Let j(o) = 15*o**2 - 2*o - 2. Let g be j(2). Suppose 5*k = p - g, 3*k - 2*p + 50 = 3*p. Let w = k - -7. What is s(w)?
1
Let s = 29 - 26. Let v(b) = b**3 - 2*b**2 - 3*b. Give v(s).
0
Let x(q) = 9*q**3 - 7*q**2 - 5. Let o(z) = 17*z**3 - 13*z**2 - 9. Let c(t) = 6*o(t) - 11*x(t). Give c(-1).
-3
Let w(i) = -i**3 - 4*i**2 - 2*i + 3. Let c be 30/(-9) + 8/24. Give w(c).
0
Suppose -6*j = -j - 2*j. Let o(q) be the third derivative of -q**6/120 + q**4/24 - 5*q**3/6 - q**2. Let x be o(j). Let f(i) = i. Give f(x).
-5
Let a be (-4)/2 - (4 + -10). Suppose 0 = a*n + 6 - 26. Let w(k) = -5*k**2 + 52*k**3 - 2 - 17*k**3 - 17*k**3 + 2*k - 17*k**3. Determine w(n).
8
Let m be (-9)/(45/20) - 8*-1. Let l(d) be the first derivative of d**4/4 - 5*d**3/3 + d**2 + 3*d + 1. Calculate l(m).
-5
Suppose -5*g = -3*y + 19, 3*g - 13 = -y - 2*g. Suppose u + 4 = 2*v, 3*v - 4*u - u = -y. Let l(h) = 3 - 4*h + h**2 - 5 + v. Determine l(4).
2
Let b(x) = x + 2. Let p(o) = 3*o + 3. Let w(u) = -7*b(u) + 3*p(u). Determine w(6).
7
Let a(o) be the third derivative of -o**4/24 + o**3/2 + 2*o**2. Calculate a(0).
3
Let i(j) = 0*j**2 + 5*j**2 + 6 + 8*j - 4*j**2 + 2*j. Let z be i(-10). Let w(u) = u**2 - 6*u + 6. What is w(z)?
6
Suppose -3*h - 2*c - 38 = h, 2*h = 3*c - 7. Let t be 2*((-36)/h + -4). Let s(m) = -m**3 + m**2 + m. Calculate s(t).
1
Let p(d) be the third derivative of 0*d - 1/60*d**5 - 7/6*d**3 + 0 - d**2 - 7/24*d**4. Give p(-6).
-1
Suppose 0 = 2*j - 6 - 6. Suppose -15 = -p - 4*p. Let c(a) = -4 + a**p - 3*a**2 - 3*a**2 + 5*a + 9 - a**2. Determine c(j).
-1
Let o(z) = z**3 - 4*z**2 - z + 2. Suppose n + 13*c = 11*c - 4, 0 = c + 3. Give o(n).
-8
Let m(y) be the first derivative of 2*y**3 - 1/2*y**2 + y + 4. Give m(1).
6
Let s(x) be the second derivative of -1/3*x**4 + 0*x**2 + 0*x**3 + 0 - 1/720*x**6 - 1/30*x**5 - 2*x. Let w(g) be the third derivative of s(g). What is w(3)?
-7
Let h be 10 + 0*3/(-6). Suppose -4*p = -4*w + 4, -4*w = p - h - 4. Let j(v) = v + p + 0 + 4. What is j(-4)?
2
Suppose -2 = -5*t - 7. Let a(b) = 8*b + 1. Let q(d) = -d. Let f(g) = 7*g**2 + 2*g + 1. Let h be f(-1). Let c(k) = h